{"id":1237,"date":"2022-10-02T01:28:01","date_gmt":"2022-10-02T01:28:01","guid":{"rendered":"https:\/\/www.sf-gynecologie.fr\/?page_id=1237"},"modified":"2026-01-26T09:43:21","modified_gmt":"2026-01-26T09:43:21","slug":"appel-a-cotisation","status":"publish","type":"page","link":"https:\/\/www.sf-gynecologie.fr\/?page_id=1237","title":{"rendered":"Appel \u00e0 cotisation"},"content":{"rendered":"\t\t<div data-elementor-type=\"wp-page\" data-elementor-id=\"1237\" class=\"elementor elementor-1237\" data-elementor-post-type=\"page\">\n\t\t\t\t\t\t<section class=\"elementor-section elementor-top-section elementor-element elementor-element-c97866e elementor-section-boxed elementor-section-height-default elementor-section-height-default\" data-id=\"c97866e\" data-element_type=\"section\">\n\t\t\t\t\t\t<div class=\"elementor-container elementor-column-gap-default\">\n\t\t\t\t\t<div class=\"elementor-column elementor-col-100 elementor-top-column elementor-element elementor-element-eea84b8\" data-id=\"eea84b8\" data-element_type=\"column\">\n\t\t\t<div class=\"elementor-widget-wrap elementor-element-populated\">\n\t\t\t\t\t\t<div class=\"elementor-element elementor-element-7b85ff6 elementor-widget elementor-widget-heading\" data-id=\"7b85ff6\" data-element_type=\"widget\" data-widget_type=\"heading.default\">\n\t\t\t\t<div class=\"elementor-widget-container\">\n\t\t\t<style>\/*! elementor - v3.22.0 - 17-06-2024 *\/\n.elementor-heading-title{padding:0;margin:0;line-height:1}.elementor-widget-heading .elementor-heading-title[class*=elementor-size-]>a{color:inherit;font-size:inherit;line-height:inherit}.elementor-widget-heading .elementor-heading-title.elementor-size-small{font-size:15px}.elementor-widget-heading .elementor-heading-title.elementor-size-medium{font-size:19px}.elementor-widget-heading .elementor-heading-title.elementor-size-large{font-size:29px}.elementor-widget-heading .elementor-heading-title.elementor-size-xl{font-size:39px}.elementor-widget-heading .elementor-heading-title.elementor-size-xxl{font-size:59px}<\/style><h2 class=\"elementor-heading-title elementor-size-default\"> Appel \u00e0 cotisation<\/h2>\t\t<\/div>\n\t\t\t\t<\/div>\n\t\t\t\t<div class=\"elementor-element elementor-element-83aa00a elementor-align-center elementor-widget elementor-widget-button\" data-id=\"83aa00a\" data-element_type=\"widget\" data-widget_type=\"button.default\">\n\t\t\t\t<div class=\"elementor-widget-container\">\n\t\t\t\t\t<div class=\"elementor-button-wrapper\">\n\t\t\t<a class=\"elementor-button elementor-button-link elementor-size-sm\" href=\"https:\/\/www.sf-gynecologie.fr\/wp-content\/uploads\/2026\/01\/appel-cotisation-2026.pdf\" target=\"_blank\">\n\t\t\t\t\t\t<span class=\"elementor-button-content-wrapper\">\n\t\t\t\t\t\t\t\t\t<span class=\"elementor-button-text\">T\u00e9l\u00e9charger l\u2019appel \u00e0 cotisation en PDF<\/span>\n\t\t\t\t\t<\/span>\n\t\t\t\t\t<\/a>\n\t\t<\/div>\n\t\t\t\t<\/div>\n\t\t\t\t<\/div>\n\t\t\t\t<div class=\"elementor-element elementor-element-a9a3f08 elementor-widget elementor-widget-image\" data-id=\"a9a3f08\" data-element_type=\"widget\" data-widget_type=\"image.default\">\n\t\t\t\t<div class=\"elementor-widget-container\">\n\t\t\t<style>\/*! elementor - v3.22.0 - 17-06-2024 *\/\n.elementor-widget-image{text-align:center}.elementor-widget-image a{display:inline-block}.elementor-widget-image a img[src$=\".svg\"]{width:48px}.elementor-widget-image img{vertical-align:middle;display:inline-block}<\/style>\t\t\t\t\t\t\t\t\t\t<img fetchpriority=\"high\" decoding=\"async\" width=\"1177\" height=\"475\" src=\"https:\/\/www.sf-gynecologie.fr\/wp-content\/uploads\/2023\/11\/Capture-decran-2023-11-05-214116.jpg\" class=\"attachment-2048x2048 size-2048x2048 wp-image-3034\" alt=\"\" srcset=\"https:\/\/www.sf-gynecologie.fr\/wp-content\/uploads\/2023\/11\/Capture-decran-2023-11-05-214116.jpg 1177w, https:\/\/www.sf-gynecologie.fr\/wp-content\/uploads\/2023\/11\/Capture-decran-2023-11-05-214116-300x121.jpg 300w, https:\/\/www.sf-gynecologie.fr\/wp-content\/uploads\/2023\/11\/Capture-decran-2023-11-05-214116-1024x413.jpg 1024w, https:\/\/www.sf-gynecologie.fr\/wp-content\/uploads\/2023\/11\/Capture-decran-2023-11-05-214116-768x310.jpg 768w\" sizes=\"(max-width: 1177px) 100vw, 1177px\" \/>\t\t\t\t\t\t\t\t\t\t\t\t\t<\/div>\n\t\t\t\t<\/div>\n\t\t\t\t<div class=\"elementor-element elementor-element-988cdda elementor-widget__width-initial elementor-invisible elementor-widget elementor-widget-text-editor\" data-id=\"988cdda\" data-element_type=\"widget\" data-settings=\"{&quot;_animation&quot;:&quot;fadeIn&quot;}\" data-widget_type=\"text-editor.default\">\n\t\t\t\t<div class=\"elementor-widget-container\">\n\t\t\t<style>\/*! elementor - v3.22.0 - 17-06-2024 *\/\n.elementor-widget-text-editor.elementor-drop-cap-view-stacked .elementor-drop-cap{background-color:#69727d;color:#fff}.elementor-widget-text-editor.elementor-drop-cap-view-framed .elementor-drop-cap{color:#69727d;border:3px solid;background-color:transparent}.elementor-widget-text-editor:not(.elementor-drop-cap-view-default) .elementor-drop-cap{margin-top:8px}.elementor-widget-text-editor:not(.elementor-drop-cap-view-default) .elementor-drop-cap-letter{width:1em;height:1em}.elementor-widget-text-editor .elementor-drop-cap{float:left;text-align:center;line-height:1;font-size:50px}.elementor-widget-text-editor .elementor-drop-cap-letter{display:inline-block}<\/style>\t\t\t\t<p class=\"MsoNormal\" style=\"margin-bottom: .0001pt; text-align: center; line-height: 106%;\" align=\"center\"><b><span style=\"font-size: 12.0pt; mso-bidi-font-size: 11.0pt; line-height: 106%; font-family: 'Times New Roman',serif; mso-fareast-language: EN-US;\">Montant de la cotisation de l\u2019ann\u00e9e 2026 : <\/span><\/b><\/p><p class=\"MsoNormal\" style=\"margin-bottom: .0001pt; text-align: center; line-height: 106%;\" align=\"center\"><b><span style=\"font-size: 12.0pt; mso-bidi-font-size: 11.0pt; line-height: 106%; font-family: 'Times New Roman',serif; mso-fareast-language: EN-US;\">90 \u20ac pour les m\u00e9decins dipl\u00f4m\u00e9s<\/span><\/b><\/p><p class=\"MsoNormal\" style=\"margin-bottom: .0001pt; text-align: center; line-height: 106%;\" align=\"center\"><b><span style=\"font-size: 12.0pt; mso-bidi-font-size: 11.0pt; line-height: 106%; font-family: 'Times New Roman',serif; mso-fareast-language: EN-US;\">10 \u20ac pour les internes et docteurs juniors <\/span><\/b><\/p><p class=\"MsoNormal\" style=\"margin-bottom: .0001pt; line-height: 106%;\"><b><span style=\"font-size: 12.0pt; mso-bidi-font-size: 11.0pt; line-height: 106%; font-family: 'Times New Roman',serif; mso-fareast-language: EN-US;\">\u00a0<\/span><\/b><\/p><p class=\"MsoNormal\" style=\"margin-bottom: .0001pt; line-height: 106%;\"><span style=\"font-size: 12.0pt; mso-bidi-font-size: 11.0pt; line-height: 106%; font-family: 'Times New Roman',serif; mso-fareast-language: EN-US;\">Cher Membre, ou nouveau Membre, de la Soci\u00e9t\u00e9 Fran\u00e7aise de Gyn\u00e9cologie,<\/span><\/p><p class=\"MsoNormal\" style=\"margin-bottom: .0001pt; line-height: 106%;\">\u00a0<\/p><p class=\"MsoNormal\" style=\"margin-bottom: .0001pt; line-height: 106%;\"><b>Le r\u00e8glement de votre cotisation est n\u00e9cessaire pour \u00eatre membre titulaire de la Soci\u00e9t\u00e9.<\/b>\u00a0<\/p><p>Il permet\u00a0:<\/p><ul><li aria-level=\"1\">De contribuer \u00e0 son budget de fonctionnement,<\/li><li aria-level=\"1\">De prendre part aux votes en Assembl\u00e9e G\u00e9n\u00e9rale selon les statuts,<\/li><li>De participer aux r\u00e9unions et journ\u00e9es scientifiques de la SFG<\/li><li aria-level=\"1\">D\u2019acc\u00e9der \u00e0 la partie r\u00e9serv\u00e9e du site <a href=\"http:\/\/www.sf-gynecologie.fr\">www.sf-gynecologie.fr<\/a> :<ul><li aria-level=\"1\">Comptes-rendus des r\u00e9unions de bureau<\/li><li aria-level=\"1\">Comptes-rendus des assembl\u00e9es g\u00e9n\u00e9rales<\/li><li aria-level=\"1\">Diaporamas mis \u00e0 disposition par les auteurs, correspondant aux communications faites \u00e0 la SFG, aux Assises Nationales de Gyn\u00e9cologie.\u00a0\u00a0<\/li><\/ul><\/li><\/ul><p><b>Votre r\u00e8glement peut \u00eatre fait\u00a0:<\/b><b><\/b><\/p><ul><li aria-level=\"1\"><b>Par virement \u00e0 la Soci\u00e9t\u00e9 Fran\u00e7aise de Gyn\u00e9cologie<\/b><\/li><\/ul><p>\u00a0 \u00a0 \u00a0 \u00a0 \u00a0 \u00a0 IBAN\u00a0: FR76 3000 3034 2000 0503 5708 305 BIC SOGEFRPP<\/p><p>\u00a0\u00a0\u00a0\u00a0\u00a0\u00a0\u00a0\u00a0\u00a0\u00a0\u00a0\u00a0Avec envoi d\u2019un e-mail au Tr\u00e9sorier Marc-Alain ROZAN <a href=\"mailto:mar@marcalain-rozan.com\">mar@marcalain-rozan.com<\/a> pour l\u2019informer de votre versement<b><\/b><\/p><ul><li aria-level=\"1\"><b>Par ch\u00e8que bancaire \u00e0 l\u2019ordre Soci\u00e9t\u00e9 Fran\u00e7aise de Gyn\u00e9cologie<\/b><\/li><\/ul><p>\u00a0\u00a0\u00a0\u00a0\u00a0\u00a0\u00a0\u00a0\u00a0\u00a0\u00a0\u00a0Adress\u00e9 au Docteur Marc-Alain ROZAN\u00a0<\/p><p>\u00a0\u00a0\u00a0\u00a0\u00a0\u00a0\u00a0\u00a0\u00a0\u00a0\u00a0\u00a032 bis Boulevard du Ch\u00e2teau &#8211; 92200 NEUILLY-SUR-SEINE<\/p><p>accompagn\u00e9 du bordereau ci-dessous rempli :<\/p><p><b>REGLEMENT DE LA COTISATION SFG 2026.<\/b><\/p><p>Docteur \u2026\u2026\u2026\u2026\u2026\u2026\u2026\u2026.<\/p><p>Adresse\u00a0Postale\u00a0:<\/p><p>E-mail\u00a0:\u00a0<\/p><p>N\u00b0 du ch\u00e8que\u00a0:\u00a0 \u00a0 \u00a0 \u00a0 \u00a0 \u00a0 \u00a0 \u00a0 \u00a0 \u00a0 \u00a0 \u00a0 \u00a0 \u00a0 \u00a0 \u00a0 \u00a0 \u00a0 \u00a0 Banque\u00a0:<\/p><p>DANS TOUS LES CAS\u00a0: merci de conserver un double de cet appel \u00e0 cotisation et une preuve de votre versement dans un but de d\u00e9duction fiscale<\/p>\t\t\t\t\t\t<\/div>\n\t\t\t\t<\/div>\n\t\t\t\t\t<\/div>\n\t\t<\/div>\n\t\t\t\t\t<\/div>\n\t\t<\/section>\n\t\t\t\t<section class=\"elementor-section elementor-top-section elementor-element elementor-element-bce613a elementor-section-boxed elementor-section-height-default elementor-section-height-default\" data-id=\"bce613a\" data-element_type=\"section\">\n\t\t\t\t\t\t<div class=\"elementor-container elementor-column-gap-default\">\n\t\t\t\t\t<div class=\"elementor-column elementor-col-100 elementor-top-column elementor-element elementor-element-ddc7a23\" data-id=\"ddc7a23\" data-element_type=\"column\">\n\t\t\t<div class=\"elementor-widget-wrap elementor-element-populated\">\n\t\t\t\t\t\t<div class=\"elementor-element elementor-element-f293fab elementor-widget-divider--view-line elementor-widget elementor-widget-divider\" data-id=\"f293fab\" data-element_type=\"widget\" data-widget_type=\"divider.default\">\n\t\t\t\t<div class=\"elementor-widget-container\">\n\t\t\t<style>\/*! elementor - v3.22.0 - 17-06-2024 *\/\n.elementor-widget-divider{--divider-border-style:none;--divider-border-width:1px;--divider-color:#0c0d0e;--divider-icon-size:20px;--divider-element-spacing:10px;--divider-pattern-height:24px;--divider-pattern-size:20px;--divider-pattern-url:none;--divider-pattern-repeat:repeat-x}.elementor-widget-divider .elementor-divider{display:flex}.elementor-widget-divider .elementor-divider__text{font-size:15px;line-height:1;max-width:95%}.elementor-widget-divider .elementor-divider__element{margin:0 var(--divider-element-spacing);flex-shrink:0}.elementor-widget-divider .elementor-icon{font-size:var(--divider-icon-size)}.elementor-widget-divider .elementor-divider-separator{display:flex;margin:0;direction:ltr}.elementor-widget-divider--view-line_icon .elementor-divider-separator,.elementor-widget-divider--view-line_text .elementor-divider-separator{align-items:center}.elementor-widget-divider--view-line_icon .elementor-divider-separator:after,.elementor-widget-divider--view-line_icon .elementor-divider-separator:before,.elementor-widget-divider--view-line_text .elementor-divider-separator:after,.elementor-widget-divider--view-line_text .elementor-divider-separator:before{display:block;content:\"\";border-block-end:0;flex-grow:1;border-block-start:var(--divider-border-width) var(--divider-border-style) var(--divider-color)}.elementor-widget-divider--element-align-left .elementor-divider .elementor-divider-separator>.elementor-divider__svg:first-of-type{flex-grow:0;flex-shrink:100}.elementor-widget-divider--element-align-left .elementor-divider-separator:before{content:none}.elementor-widget-divider--element-align-left .elementor-divider__element{margin-left:0}.elementor-widget-divider--element-align-right .elementor-divider .elementor-divider-separator>.elementor-divider__svg:last-of-type{flex-grow:0;flex-shrink:100}.elementor-widget-divider--element-align-right .elementor-divider-separator:after{content:none}.elementor-widget-divider--element-align-right .elementor-divider__element{margin-right:0}.elementor-widget-divider--element-align-start .elementor-divider .elementor-divider-separator>.elementor-divider__svg:first-of-type{flex-grow:0;flex-shrink:100}.elementor-widget-divider--element-align-start .elementor-divider-separator:before{content:none}.elementor-widget-divider--element-align-start .elementor-divider__element{margin-inline-start:0}.elementor-widget-divider--element-align-end .elementor-divider .elementor-divider-separator>.elementor-divider__svg:last-of-type{flex-grow:0;flex-shrink:100}.elementor-widget-divider--element-align-end .elementor-divider-separator:after{content:none}.elementor-widget-divider--element-align-end .elementor-divider__element{margin-inline-end:0}.elementor-widget-divider:not(.elementor-widget-divider--view-line_text):not(.elementor-widget-divider--view-line_icon) .elementor-divider-separator{border-block-start:var(--divider-border-width) var(--divider-border-style) var(--divider-color)}.elementor-widget-divider--separator-type-pattern{--divider-border-style:none}.elementor-widget-divider--separator-type-pattern.elementor-widget-divider--view-line .elementor-divider-separator,.elementor-widget-divider--separator-type-pattern:not(.elementor-widget-divider--view-line) .elementor-divider-separator:after,.elementor-widget-divider--separator-type-pattern:not(.elementor-widget-divider--view-line) .elementor-divider-separator:before,.elementor-widget-divider--separator-type-pattern:not([class*=elementor-widget-divider--view]) .elementor-divider-separator{width:100%;min-height:var(--divider-pattern-height);-webkit-mask-size:var(--divider-pattern-size) 100%;mask-size:var(--divider-pattern-size) 100%;-webkit-mask-repeat:var(--divider-pattern-repeat);mask-repeat:var(--divider-pattern-repeat);background-color:var(--divider-color);-webkit-mask-image:var(--divider-pattern-url);mask-image:var(--divider-pattern-url)}.elementor-widget-divider--no-spacing{--divider-pattern-size:auto}.elementor-widget-divider--bg-round{--divider-pattern-repeat:round}.rtl .elementor-widget-divider .elementor-divider__text{direction:rtl}.e-con-inner>.elementor-widget-divider,.e-con>.elementor-widget-divider{width:var(--container-widget-width,100%);--flex-grow:var(--container-widget-flex-grow)}<\/style>\t\t<div class=\"elementor-divider\">\n\t\t\t<span class=\"elementor-divider-separator\">\n\t\t\t\t\t\t<\/span>\n\t\t<\/div>\n\t\t\t\t<\/div>\n\t\t\t\t<\/div>\n\t\t\t\t\t<\/div>\n\t\t<\/div>\n\t\t\t\t\t<\/div>\n\t\t<\/section>\n\t\t\t\t<\/div>\n\t\t","protected":false},"excerpt":{"rendered":"<p>Appel \u00e0 cotisation T\u00e9l\u00e9charger l\u2019appel \u00e0 cotisation en PDF Montant de la cotisation de l\u2019ann\u00e9e 2026 : 90 \u20ac pour les m\u00e9decins dipl\u00f4m\u00e9s 10 \u20ac pour les internes et docteurs juniors \u00a0 Cher Membre, ou nouveau Membre, de la Soci\u00e9t\u00e9 Fran\u00e7aise de Gyn\u00e9cologie, \u00a0 Le r\u00e8glement de votre cotisation est n\u00e9cessaire pour \u00eatre membre titulaire [&hellip;]<\/p>\n","protected":false},"author":1,"featured_media":0,"parent":0,"menu_order":0,"comment_status":"closed","ping_status":"closed","template":"","meta":{"footnotes":""},"folder":[],"class_list":["post-1237","page","type-page","status-publish","hentry"],"_links":{"self":[{"href":"https:\/\/www.sf-gynecologie.fr\/index.php?rest_route=\/wp\/v2\/pages\/1237","targetHints":{"allow":["GET"]}}],"collection":[{"href":"https:\/\/www.sf-gynecologie.fr\/index.php?rest_route=\/wp\/v2\/pages"}],"about":[{"href":"https:\/\/www.sf-gynecologie.fr\/index.php?rest_route=\/wp\/v2\/types\/page"}],"author":[{"embeddable":true,"href":"https:\/\/www.sf-gynecologie.fr\/index.php?rest_route=\/wp\/v2\/users\/1"}],"replies":[{"embeddable":true,"href":"https:\/\/www.sf-gynecologie.fr\/index.php?rest_route=%2Fwp%2Fv2%2Fcomments&post=1237"}],"version-history":[{"count":74,"href":"https:\/\/www.sf-gynecologie.fr\/index.php?rest_route=\/wp\/v2\/pages\/1237\/revisions"}],"predecessor-version":[{"id":3383,"href":"https:\/\/www.sf-gynecologie.fr\/index.php?rest_route=\/wp\/v2\/pages\/1237\/revisions\/3383"}],"wp:attachment":[{"href":"https:\/\/www.sf-gynecologie.fr\/index.php?rest_route=%2Fwp%2Fv2%2Fmedia&parent=1237"}],"wp:term":[{"taxonomy":"folder","embeddable":true,"href":"https:\/\/www.sf-gynecologie.fr\/index.php?rest_route=%2Fwp%2Fv2%2Ffolder&post=1237"}],"curies":[{"name":"wp","href":"https:\/\/api.w.org\/{rel}","templated":true}]}}